{"id":3,"date":"2019-05-27T22:43:58","date_gmt":"2019-05-27T20:43:58","guid":{"rendered":"https:\/\/computer-alex.de\/?page_id=3"},"modified":"2020-02-24T19:39:48","modified_gmt":"2020-02-24T18:39:48","slug":"datenschutzerklaerung","status":"publish","type":"page","link":"https:\/\/computer-alex.de\/?page_id=3","title":{"rendered":"Datenschutzerkl\u00e4rung"},"content":{"rendered":"\n<h2 class=\"wp-block-heading\">Allgemeine Hinweise<\/h2>\n\n\n\n<p>Die folgenden Hinweise geben einen einfachen \u00dcberblick dar\u00fcber, was mit   Ihren personenbezogenen Daten passiert, wenn Sie unsere Website   besuchen. Personenbezogene Daten sind alle Daten, mit denen Sie   pers\u00f6nlich identifiziert werden k\u00f6nnen. Ausf\u00fchrliche Informationen zum   Thema Datenschutz entnehmen Sie unserer unter diesem Text aufgef\u00fchrten  Datenschutzerkl\u00e4rung.<\/p>\n\n\n\n<h2 class=\"wp-block-heading\">Datenerfassung auf unserer Website<\/h2>\n\n\n\n<h3 class=\"wp-block-heading\">Wer ist verantwortlich f\u00fcr die Datenerfassung auf dieser Website?<\/h3>\n\n\n\n<p>Die Datenverarbeitung auf dieser Website erfolgt durch den  Websitebetreiber. Dessen Kontaktdaten k\u00f6nnen Sie dem Impressum dieser  Website entnehmen.<\/p>\n\n\n\n<h3 class=\"wp-block-heading\">Wie erfassen wir Ihre Daten?<\/h3>\n\n\n\n<p>Ihre Daten werden zum einen dadurch erhoben, dass Sie uns diese   mitteilen. Hierbei kann es sich z.B. um Daten handeln, die Sie in ein   Kontaktformular eingeben. Andere Daten werden automatisch beim Besuch  der Website durch unsere  IT-Systeme erfasst. Das sind vor allem  technische Daten (z.B.  Internetbrowser, Betriebssystem oder Uhrzeit des  Seitenaufrufs). Die  Erfassung dieser Daten erfolgt automatisch, sobald  Sie unsere Website  betreten.<\/p>\n\n\n\n<h3 class=\"wp-block-heading\">Wof\u00fcr nutzen wir Ihre Daten?<\/h3>\n\n\n\n<p>Ein Teil der Daten wird erhoben, um eine fehlerfreie Bereitstellung  der  Website zu gew\u00e4hrleisten. Andere Daten k\u00f6nnen zur Analyse Ihres   Nutzerverhaltens verwendet werden.<\/p>\n\n\n\n<h3 class=\"wp-block-heading\">Welche Rechte haben Sie bez\u00fcglich Ihrer Daten?<\/h3>\n\n\n\n<p>Sie haben jederzeit das Recht unentgeltlich Auskunft \u00fcber Herkunft,   Empf\u00e4nger und Zweck Ihrer gespeicherten personenbezogenen Daten zu   erhalten. Sie haben au\u00dferdem ein Recht, die Berichtigung, Sperrung oder   L\u00f6schung dieser Daten zu verlangen. Hierzu sowie zu weiteren Fragen zum   Thema Datenschutz k\u00f6nnen Sie sich jederzeit unter der im Impressum  angegebenen Adresse an uns wenden. Des Weiteren steht Ihnen ein  Beschwerderecht bei der zust\u00e4ndigen Aufsichtsbeh\u00f6rde zu.<\/p>\n\n\n\n<h3 class=\"wp-block-heading\">Analyse-Tools und Tools von Drittanbietern<\/h3>\n\n\n\n<p>Beim Besuch unserer Website kann Ihr Surf-Verhalten statistisch   ausgewertet werden. Das geschieht vor allem mit Cookies und mit   sogenannten Analyseprogrammen. Die Analyse Ihres Surf-Verhaltens erfolgt   in der Regel anonym; das Surf-Verhalten kann nicht zu Ihnen   zur\u00fcckverfolgt werden. Sie k\u00f6nnen dieser Analyse widersprechen oder sie   durch die Nichtbenutzung bestimmter Tools verhindern. Detaillierte   Informationen dazu finden Sie in der folgenden Datenschutzerkl\u00e4rung. Sie  k\u00f6nnen dieser Analyse widersprechen. \u00dcber die   Widerspruchsm\u00f6glichkeiten werden wir Sie in dieser Datenschutzerkl\u00e4rung   informieren.<\/p>\n\n\n\n<h2 class=\"wp-block-heading\">Allgemeine Hinweise und Pflichtinformationen<\/h2>\n\n\n\n<h3 class=\"wp-block-heading\">Datenschutz<\/h3>\n\n\n\n<p>Die Betreiber dieser Seiten nehmen den Schutz Ihrer pers\u00f6nlichen  Daten  sehr ernst. Wir behandeln Ihre personenbezogenen Daten vertraulich  und  entsprechend der gesetzlichen Datenschutzvorschriften sowie dieser   Datenschutzerkl\u00e4rung. Wenn Sie diese Website benutzen, werden  verschiedene personenbezogene  Daten erhoben. Personenbezogene Daten  sind Daten, mit denen Sie  pers\u00f6nlich identifiziert werden k\u00f6nnen. Die  vorliegende  Datenschutzerkl\u00e4rung erl\u00e4utert, welche Daten wir erheben  und wof\u00fcr wir  sie nutzen. Sie erl\u00e4utert auch, wie und zu welchem Zweck  das geschieht. Wir weisen darauf hin, dass die Daten\u00fcbertragung im  Internet (z.B.  bei der Kommunikation per E-Mail) Sicherheitsl\u00fccken  aufweisen kann. Ein  l\u00fcckenloser Schutz der Daten vor dem Zugriff durch  Dritte ist nicht  m\u00f6glich.<\/p>\n\n\n\n<h3 class=\"wp-block-heading\">Hinweis zur verantwortlichen Stelle<\/h3>\n\n\n\n<h4 class=\"wp-block-heading\">Die verantwortliche Stelle f\u00fcr die Datenverarbeitung auf dieser Website ist:<\/h4>\n\n\n\n<p>Alexander Pavlin, H\u00f6henstra\u00dfe 52, 97688, Bad Kissingen Telefon:  016095486014 E-Mail: alexander.pavlin@web.de. Verantwortliche Stelle ist  die nat\u00fcrliche oder juristische Person,  die allein oder gemeinsam mit  anderen \u00fcber die Zwecke und Mittel der  Verarbeitung von  personenbezogenen Daten (z.B. Namen, E-Mail-Adressen o.  \u00c4.)  entscheidet.<\/p>\n\n\n\n<h3 class=\"wp-block-heading\">Widerruf Ihrer Einwilligung zur Datenverarbeitung<\/h3>\n\n\n\n<p>Viele Datenverarbeitungsvorg\u00e4nge sind nur mit Ihrer ausdr\u00fccklichen   Einwilligung m\u00f6glich. Sie k\u00f6nnen eine bereits erteilte Einwilligung   jederzeit widerrufen. Dazu reicht eine formlose Mitteilung per E-Mail an   uns. Die Rechtm\u00e4\u00dfigkeit der bis zum Widerruf erfolgten   Datenverarbeitung bleibt vom Widerruf unber\u00fchrt.<\/p>\n\n\n\n<h3 class=\"wp-block-heading\">Beschwerderecht bei der zust\u00e4ndigen Aufsichtsbeh\u00f6rde<\/h3>\n\n\n\n<p>Im Falle datenschutzrechtlicher Verst\u00f6\u00dfe steht dem Betroffenen ein   Beschwerderecht bei der zust\u00e4ndigen Aufsichtsbeh\u00f6rde zu. Zust\u00e4ndige   Aufsichtsbeh\u00f6rde in datenschutzrechtlichen Fragen ist der   Landesdatenschutzbeauftragte des Bundeslandes, in dem unser Unternehmen   seinen Sitz hat. Eine Liste der Datenschutzbeauftragten sowie deren   Kontaktdaten k\u00f6nnen folgendem Link entnommen werden:  https:\/\/www.bfdi.bund.de\/DE\/Infothek\/Anschriften_Links\/anschriften_links-node.html.<\/p>\n\n\n\n<h3 class=\"wp-block-heading\">SSL- bzw. TLS-Verschl\u00fcsselung<\/h3>\n\n\n\n<p>Diese Seite nutzt aus Sicherheitsgr\u00fcnden und zum Schutz der  \u00dcbertragung  vertraulicher Inhalte, wie zum Beispiel Bestellungen oder  Anfragen,  die Sie an uns als Seitenbetreiber senden, eine SSL-bzw.   TLS-Verschl\u00fcsselung. Eine verschl\u00fcsselte Verbindung erkennen Sie daran,   dass die Adresszeile des Browsers von \u201chttp:\/\/\u201d auf \u201chttps:\/\/\u201d wechselt   und an dem Schloss-Symbol in Ihrer Browserzeile. Wenn die SSL- bzw.  TLS-Verschl\u00fcsselung aktiviert ist, k\u00f6nnen die  Daten, die Sie an uns  \u00fcbermitteln, nicht von Dritten mitgelesen werden.<\/p>\n\n\n\n<h3 class=\"wp-block-heading\">Auskunft, Sperrung, L\u00f6schung<\/h3>\n\n\n\n<p>Sie haben im Rahmen der geltenden gesetzlichen Bestimmungen jederzeit   das Recht auf unentgeltliche Auskunft \u00fcber Ihre gespeicherten   personenbezogenen Daten, deren Herkunft und Empf\u00e4nger und den Zweck der   Datenverarbeitung und ggf. ein Recht auf Berichtigung, Sperrung oder   L\u00f6schung dieser Daten. Hierzu sowie zu weiteren Fragen zum Thema   personenbezogene Daten k\u00f6nnen Sie sich jederzeit unter der im Impressum  angegebenen Adresse an uns wenden.<\/p>\n\n\n\n<h3 class=\"wp-block-heading\">Widerspruch gegen Werbe-Mails<\/h3>\n\n\n\n<p>Der Nutzung von im Rahmen der Impressumspflicht ver\u00f6ffentlichten   Kontaktdaten zur \u00dcbersendung von nicht ausdr\u00fccklich angeforderter   Werbung und Informationsmaterialien wird hiermit widersprochen. Die   Betreiber der Seiten behalten sich ausdr\u00fccklich rechtliche Schritte im   Falle der unverlangten Zusendung von Werbeinformationen, etwa durch   Spam-E-Mails, vor.<\/p>\n\n\n\n<h2 class=\"wp-block-heading\">Datenerfassung auf unserer Website<\/h2>\n\n\n\n<h3 class=\"wp-block-heading\">Cookies<\/h3>\n\n\n\n<p>Die Internetseiten verwenden teilweise so genannte Cookies. Cookies   richten auf Ihrem Rechner keinen Schaden an und enthalten keine Viren.   Cookies dienen dazu, unser Angebot nutzerfreundlicher, effektiver und   sicherer zu machen. Cookies sind kleine Textdateien, die auf Ihrem   Rechner abgelegt werden und die Ihr Browser speichert. Die meisten der  von uns verwendeten Cookies sind so genannte  \u201cSession-Cookies\u201d. Sie  werden nach Ende Ihres Besuchs automatisch  gel\u00f6scht. Andere Cookies  bleiben auf Ihrem Endger\u00e4t gespeichert bis Sie  diese l\u00f6schen. Diese  Cookies erm\u00f6glichen es uns, Ihren Browser beim  n\u00e4chsten Besuch  wiederzuerkennen. Sie k\u00f6nnen Ihren Browser so einstellen, dass Sie \u00fcber  das Setzen von  Cookies informiert werden und Cookies nur im Einzelfall  erlauben, die  Annahme von Cookies f\u00fcr bestimmte F\u00e4lle oder generell  ausschlie\u00dfen sowie  das automatische L\u00f6schen der Cookies beim Schlie\u00dfen  des Browser  aktivieren. Bei der Deaktivierung von Cookies kann die  Funktionalit\u00e4t  dieser Website eingeschr\u00e4nkt sein. Cookies, die zur  Durchf\u00fchrung des elektronischen  Kommunikationsvorgangs oder zur  Bereitstellung bestimmter, von Ihnen  erw\u00fcnschter Funktionen (z.B.  Warenkorbfunktion) erforderlich sind,  werden auf Grundlage von Art. 6  Abs. 1 lit. f DSGVO gespeichert. Der  Websitebetreiber hat ein  berechtigtes Interesse an der Speicherung von  Cookies zur technisch  fehlerfreien und optimierten Bereitstellung seiner  Dienste. Soweit  andere Cookies (z.B. Cookies zur Analyse Ihres  Surfverhaltens)  gespeichert werden, werden diese in dieser  Datenschutzerkl\u00e4rung  gesondert behandelt.<\/p>\n\n\n\n<h3 class=\"wp-block-heading\">Server-Log-Dateien<\/h3>\n\n\n\n<p>Der Provider der Seiten erhebt und speichert automatisch  Informationen  in so genannten Server-Log-Dateien, die Ihr Browser  automatisch an uns  \u00fcbermittelt. Dies sind: Browsertyp und Browserversionverwendetes  BetriebssystemReferrer URLHostname des zugreifenden RechnersUhrzeit der  ServeranfrageIP-Adresse Eine Zusammenf\u00fchrung dieser Daten mit anderen  Datenquellen wird nicht vorgenommen. Grundlage f\u00fcr die Datenverarbeitung  ist Art. 6 Abs. 1 lit. f DSGVO,  der die Verarbeitung von Daten zur  Erf\u00fcllung eines Vertrags oder  vorvertraglicher Ma\u00dfnahmen gestattet.<\/p>\n\n\n\n<h3 class=\"wp-block-heading\">Kontaktformular<\/h3>\n\n\n\n<p>Wenn Sie uns per Kontaktformular Anfragen zukommen lassen, werden Ihre   Angaben aus dem Anfrageformular inklusive der von Ihnen dort   angegebenen Kontaktdaten zwecks Bearbeitung der Anfrage und f\u00fcr den Fall   von Anschlussfragen bei uns gespeichert. Diese Daten geben wir nicht   ohne Ihre Einwilligung weiter. Die Verarbeitung der in das  Kontaktformular eingegebenen Daten  erfolgt somit ausschlie\u00dflich auf  Grundlage Ihrer Einwilligung (Art. 6  Abs. 1 lit. a DSGVO). Sie k\u00f6nnen  diese Einwilligung jederzeit  widerrufen. Dazu reicht eine formlose  Mitteilung per E-Mail an uns. Die  Rechtm\u00e4\u00dfigkeit der bis zum Widerruf  erfolgten Datenverarbeitungsvorg\u00e4nge  bleibt vom Widerruf unber\u00fchrt. Die  von Ihnen im Kontaktformular eingegebenen Daten verbleiben bei  uns,  bis Sie uns zur L\u00f6schung auffordern, Ihre Einwilligung zur  Speicherung  widerrufen oder der Zweck f\u00fcr die Datenspeicherung entf\u00e4llt  (z.B. nach  abgeschlossener Bearbeitung Ihrer Anfrage). Zwingende  gesetzliche  Bestimmungen \u2013 insbesondere Aufbewahrungsfristen \u2013 bleiben  unber\u00fchrt.<\/p>\n\n\n\n<h2 class=\"wp-block-heading\">Analyse Tools und Werbung<\/h2>\n\n\n\n<h3 class=\"wp-block-heading\">Google reCAPTCHA<\/h3>\n\n\n\n<p>Wir nutzen \u201cGoogle reCAPTCHA\u201d (im Folgenden \u201creCAPTCHA\u201d) auf unseren   Websites. Anbieter ist die Google Inc., 1600 Amphitheatre Parkway,   Mountain View, CA 94043, USA (\u201cGoogle\u201d). Mit reCAPTCHA soll \u00fcberpr\u00fcft  werden, ob die Dateneingabe auf unseren  Websites (z.B. in einem  Kontaktformular) durch einen Menschen oder durch  ein automatisiertes  Programm erfolgt. Hierzu analysiert reCAPTCHA das  Verhalten des  Websitebesuchers anhand verschiedener Merkmale. Diese  Analyse beginnt  automatisch, sobald der Websitebesucher die Website  betritt. Zur  Analyse wertet reCAPTCHA verschiedene Informationen aus  (z.B.  IP-Adresse, Verweildauer des Websitebesuchers auf der Website oder  vom  Nutzer get\u00e4tigte Mausbewegungen). Die bei der Analyse erfassten  Daten  werden an Google weitergeleitet. Die reCAPTCHA-Analysen laufen  vollst\u00e4ndig im Hintergrund.  Websitebesucher werden nicht darauf  hingewiesen, dass eine Analyse  stattfindet. Die Datenverarbeitung  erfolgt auf Grundlage von Art. 6 Abs. 1 lit. f  DSGVO. Der  Websitebetreiber hat ein berechtigtes Interesse daran, seine   Webangebote vor missbr\u00e4uchlicher automatisierter Aussp\u00e4hung und vor SPAM   zu sch\u00fctzen. Weitere Informationen zu Google reCAPTCHA sowie die  Datenschutzerkl\u00e4rung von Google entnehmen Sie folgenden Links:  https:\/\/www.google.com\/intl\/de\/policies\/privacy\/ und  https:\/\/www.google.com\/recaptcha\/intro\/android.html.<\/p>\n\n\n\n<h2 class=\"wp-block-heading\">Newsletter<\/h2>\n\n\n\n<h3 class=\"wp-block-heading\">Newsletterdaten<\/h3>\n\n\n\n<p>Wenn Sie den auf der Website angebotenen Newsletter beziehen m\u00f6chten,   ben\u00f6tigen wir von Ihnen eine E-Mail-Adresse sowie Informationen, welche   uns die \u00dcberpr\u00fcfung gestatten, dass Sie der Inhaber der angegebenen   E-Mail-Adresse sind und mit dem Empfang des Newsletters einverstanden   sind. Weitere Daten werden nicht bzw. nur auf freiwilliger Basis   erhoben. Diese Daten verwenden wir ausschlie\u00dflich f\u00fcr den Versand der   angeforderten Informationen und geben diese nicht an Dritte weiter. Die  Verarbeitung der in das Newsletteranmeldeformular eingegebenen  Daten  erfolgt ausschlie\u00dflich auf Grundlage Ihrer Einwilligung (Art. 6  Abs. 1  lit. a DSGVO). Die erteilte Einwilligung zur Speicherung der  Daten, der  E-Mail-Adresse sowie deren Nutzung zum Versand des  Newsletters k\u00f6nnen  Sie jederzeit widerrufen, etwa \u00fcber den  \u201cAustragen\u201d-Link im Newsletter.  Die Rechtm\u00e4\u00dfigkeit der bereits erfolgten  Datenverarbeitungsvorg\u00e4nge  bleibt vom Widerruf unber\u00fchrt. Die von Ihnen zum Zwecke des  Newsletter-Bezugs bei uns hinterlegten  Daten werden von uns bis zu  Ihrer Austragung aus dem Newsletter  gespeichert und nach der  Abbestellung des Newsletters gel\u00f6scht. Daten,  die zu anderen Zwecken  bei uns gespeichert wurden (z.B. E-Mail-Adressen  f\u00fcr den  Mitgliederbereich) bleiben hiervon unber\u00fchrt.<\/p>\n\n\n\n<h2 class=\"wp-block-heading\">Plugins und Tools<\/h2>\n\n\n\n<h3 class=\"wp-block-heading\">YouTube<\/h3>\n\n\n\n<p>Unsere Website nutzt Plugins der von Google betriebenen Seite  YouTube.  Betreiber der Seiten ist die YouTube, LLC, 901 Cherry Ave., San  Bruno,  CA 94066, USA. Wenn Sie eine unserer mit einem YouTube-Plugin  ausgestatteten Seiten  besuchen, wird eine Verbindung zu den Servern von  YouTube hergestellt.  Dabei wird dem YouTube-Server mitgeteilt, welche  unserer Seiten Sie  besucht haben. Wenn Sie in Ihrem YouTube-Account   eingeloggt sind, erm\u00f6glichen Sie YouTube, Ihr Surfverhalten direkt   Ihrem pers\u00f6nlichen Profil zuzuordnen. Dies k\u00f6nnen Sie verhindern, indem   Sie sich aus Ihrem YouTube-Account ausloggen. Die Nutzung von YouTube  erfolgt im Interesse einer ansprechenden  Darstellung unserer  Online-Angebote. Dies stellt ein berechtigtes  Interesse im Sinne von  Art. 6 Abs. 1 lit. f DSGVO dar. Weitere Informationen zum Umgang mit  Nutzerdaten finden Sie in der Datenschutzerkl\u00e4rung von YouTube unter:  https:\/\/www.google.de\/intl\/de\/policies\/privacy.<\/p>\n\n\n\n<h2 class=\"wp-block-heading\">Google Web Fonts<\/h2>\n\n\n\n<p>Diese Seite nutzt zur einheitlichen Darstellung von Schriftarten so   genannte Web Fonts, die von Google bereitgestellt werden. Beim Aufruf   einer Seite l\u00e4dt Ihr Browser die ben\u00f6tigten Web Fonts in ihren   Browsercache, um Texte und Schriftarten korrekt anzuzeigen. Zu diesem  Zweck muss der von Ihnen verwendete Browser Verbindung zu  den Servern  von Google aufnehmen. Hierdurch erlangt Google Kenntnis  dar\u00fcber, dass  \u00fcber Ihre IP-Adresse unsere Website aufgerufen wurde. Die  Nutzung von  Google Web Fonts erfolgt im Interesse einer einheitlichen  und  ansprechenden Darstellung unserer Online-Angebote. Dies stellt ein   berechtigtes Interesse im Sinne von Art. 6 Abs. 1 lit. f DSGVO dar. Wenn  Ihr Browser Web Fonts nicht unterst\u00fctzt, wird eine Standardschrift von  Ihrem Computer genutzt. Weitere Informationen zu Google Web Fonts finden  Sie unter https:\/\/developers.google.com\/fonts\/faq und in der  Datenschutzerkl\u00e4rung von Google:  https:\/\/www.google.com\/policies\/privacy\/.<\/p>\n","protected":false},"excerpt":{"rendered":"<p>Allgemeine Hinweise Die folgenden Hinweise geben einen einfachen \u00dcberblick dar\u00fcber, was mit Ihren personenbezogenen Daten passiert, wenn Sie unsere Website besuchen. Personenbezogene Daten sind alle Daten, mit denen Sie pers\u00f6nlich identifiziert werden k\u00f6nnen. Ausf\u00fchrliche Informationen zum Thema Datenschutz entnehmen Sie unserer unter diesem Text aufgef\u00fchrten Datenschutzerkl\u00e4rung. Datenerfassung auf unserer Website Wer ist verantwortlich f\u00fcr die&hellip; <br \/> <a class=\"read-more\" href=\"https:\/\/computer-alex.de\/?page_id=3\">Weiterlesen<\/a><\/p>\n","protected":false},"author":1,"featured_media":0,"parent":24,"menu_order":3,"comment_status":"closed","ping_status":"closed","template":"page-templates\/homepage.php","meta":{"footnotes":""},"class_list":["post-3","page","type-page","status-publish","hentry"],"_links":{"self":[{"href":"https:\/\/computer-alex.de\/index.php?rest_route=\/wp\/v2\/pages\/3","targetHints":{"allow":["GET"]}}],"collection":[{"href":"https:\/\/computer-alex.de\/index.php?rest_route=\/wp\/v2\/pages"}],"about":[{"href":"https:\/\/computer-alex.de\/index.php?rest_route=\/wp\/v2\/types\/page"}],"author":[{"embeddable":true,"href":"https:\/\/computer-alex.de\/index.php?rest_route=\/wp\/v2\/users\/1"}],"replies":[{"embeddable":true,"href":"https:\/\/computer-alex.de\/index.php?rest_route=%2Fwp%2Fv2%2Fcomments&post=3"}],"version-history":[{"count":2,"href":"https:\/\/computer-alex.de\/index.php?rest_route=\/wp\/v2\/pages\/3\/revisions"}],"predecessor-version":[{"id":23,"href":"https:\/\/computer-alex.de\/index.php?rest_route=\/wp\/v2\/pages\/3\/revisions\/23"}],"up":[{"embeddable":true,"href":"https:\/\/computer-alex.de\/index.php?rest_route=\/wp\/v2\/pages\/24"}],"wp:attachment":[{"href":"https:\/\/computer-alex.de\/index.php?rest_route=%2Fwp%2Fv2%2Fmedia&parent=3"}],"curies":[{"name":"wp","href":"https:\/\/api.w.org\/{rel}","templated":true}]}}